- 55 = -3*p + 44, m = 5*p + 4*l. What is the units digit of p?
3
Suppose 12*r - 14*r + 150 = 0. Suppose -5*z + 5*i + r = 0, 0 = -2*z - 4*i - 4 + 34. Let y = 29 + z. What is the tens digit of y?
4
Suppose 4*q + 9676 = -18*n + 23*n, n - 3*q - 1944 = 0. What is the thousands digit of n?
1
Let o(z) = 2*z**3 - 33*z**2 + 26*z - 51. What is the thousands digit of o(18)?
1
Suppose 2*v + 4*c = 0, -3*c = 3*v - 2*v. Suppose 4*n + 5*g - 277 = -70, v = -n + g + 54. What is the tens digit of n?
5
Suppose -1003 = -3*x + 674. Let f = x + -386. What is the units digit of f?
3
Let y be 118 - 10 - (-4)/1. Let f = y + -72. What is the tens digit of f?
4
Suppose 2*g = 4*t - 0*t - 28, -t + 4*g = -21. Let b = 852 + -816. Suppose t*q - b = -1. What is the units digit of q?
7
Suppose -44 = 3*d - 4*k, 0*d - 3*d + 2*k - 34 = 0. Let g be 2*-1 - d/1. Suppose -n + 2*m + 7 = g*m, 4*n - 46 = 2*m. What is the tens digit of n?
1
Suppose -119 = 2*p - 627. Let y = -121 + p. What is the tens digit of y?
3
Let k be 19 - (3 + -1 + -1). Let r = k - 13. Suppose -26 + 91 = r*x. What is the units digit of x?
3
Let s = -1411 + 2414. What is the units digit of s?
3
Let g be 5*8/(-20)*522/(-4). Let b = -184 + g. What is the units digit of b?
7
Suppose 6*s - 5*n - 1755 = 5*s, -4*s + 6956 = -4*n. What is the thousands digit of s?
1
Suppose -2*r + 4*n - 84 = 0, 144 = -4*r - 3*n - 68. Let d be (-24)/(-30)*r/(-4). What is the units digit of ((-35)/d)/((-1)/6)?
1
Let h = 9 - 4. Suppose 0 = 4*l + 2*q + 3*q - 384, -h*l = q - 480. What is the units digit of l?
6
Let n = -14 + 11. Let q be ((2 - -1) + n)*1. Suppose 2*x - 16 = 4*m, -3*x + 2*m + 24 = -q*x. What is the units digit of x?
8
Suppose 45 = 6*w - 9*w. Let u = w + 74. What is the tens digit of u?
5
What is the units digit of (76/(-16) - 8)/((-5)/1380)?
9
Let u = -156 + 160. Suppose 203 = u*h - 145. What is the units digit of h?
7
Suppose 4*s - g + 3843 = 0, 4*s + 4805 = -s + g. What is the tens digit of (-26)/(-91) + s/(-14)?
6
Let o = 166 - -14. Suppose 0*r - 4 = -4*r, -o = -2*t - 4*r. What is the tens digit of t?
8
Suppose -2*w = -3*m - 1661, -2*m + 4*m = -3*w + 2524. What is the hundreds digit of w?
8
Let m = -37 + 1271. What is the tens digit of m?
3
Suppose -30905 = -47*n + 12*n. What is the tens digit of n?
8
Let x be ((-2673)/(-108))/(2/(-8)). Let h = 16 - x. What is the tens digit of h?
1
Let d be (-2)/4*(-3 + 5). Let f(z) = -35*z**3. Let x be f(d). Suppose -2*l = -x + 5. What is the tens digit of l?
1
Let o = -355 - -535. Suppose -3*a - 2*a + o = 0. Suppose -2*p + 26 + a = 0. What is the units digit of p?
1
Let m(s) = s - 9. Let i be m(16). Let c = i + 14. What is the units digit of c?
1
Let h be 1/(-2) + 18/(-4). Let d = 5 + h. Suppose -2*b = -d*b - 26. What is the tens digit of b?
1
Suppose 30*j = 26*j + 12. Suppose 283 = j*w + 5*f, 2*w + 290 = 5*w - 2*f. What is the tens digit of w?
9
Let w = -130 - -86. What is the units digit of (1/3)/(w/12 - -4)?
1
Let z be (-400)/(-3) - (-9 - -3)/(-18). Let c = 34 - 14. Suppose 3*i = z + c. What is the units digit of i?
1
Let j = 712 + -58. What is the hundreds digit of j?
6
Suppose 5*q - 5*c = 15, -5*q + 4*c + 5 = -7. Suppose q = t - 5 + 3. Suppose 2*i + o = 66 - 21, 2*i - 42 = t*o. What is the tens digit of i?
2
Let z = -1677 - -3041. What is the thousands digit of z?
1
Let w(a) = -a**2 + 14*a + 15. Let b be w(14). Let l = b - 33. Let q = l + 25. What is the units digit of q?
7
Let l = -2209 + 2462. What is the tens digit of l?
5
Suppose 8 = -3*h - 5*n - 11, 4*n = 5*h + 81. Let b = -6 - h. Let q = 22 - b. What is the tens digit of q?
1
Let q = -6 - -8. Let w(c) = -2*c**3 - 3*c**2 + 1. Let f be w(-2). Suppose 0 = -q*s - 8, 3*u - 3*s + f = -5*s. What is the units digit of u?
1
Suppose 2 = 4*k - 2*k, -w - 3*k - 81 = 0. Let y = 315 + w. What is the units digit of y?
1
What is the tens digit of (-3)/((-15)/(-4)) + 1991832/1490?
3
Suppose 4*o - 12 = 4. Suppose o*t = -0*t + 272. What is the tens digit of t?
6
Let l = 203 + -79. Suppose 218 + 154 = -6*u. Let z = u + l. What is the units digit of z?
2
Suppose -i + 5*s = -17, 3*i + 3*s = -s - 44. Let g be i/(-28) - 60/14. What is the units digit of -4 - g/(8/26)?
9
Suppose -5 = -2*p - 1. Suppose -47 - 35 = -p*i - 3*u, -i = -5*u - 28. What is the tens digit of i?
3
Let w = -49 - -101. Let y = w + -27. What is the tens digit of y?
2
What is the units digit of (81/54)/(6/1184 + 0)?
6
Let l = 2313 - 1119. What is the hundreds digit of l?
1
Suppose 126*g - 111*g - 3450 = 0. What is the units digit of g?
0
Suppose 2*g - 4 = 3*r, 7*r + g = 4*r - 7. Let u = -4 - -3. What is the units digit of u*(r - 3) - 1?
4
Suppose -5*g + 3*l + 1009 = 0, 2*l + 268 = 5*g - 738. What is the hundreds digit of g?
2
Suppose 5*m = 3*k - 39, -4*k + 11*m + 52 = 8*m. What is the tens digit of ((-14)/8)/(k/(-780))?
0
Suppose 5*b - 16 = -2*f, -f - 11 = -2*f - 4*b. Suppose f*m = 8*m - 885. Suppose -2*z + m = 57. What is the tens digit of z?
6
Let g(n) = 14*n**2 + 14*n - 76. What is the hundreds digit of g(5)?
3
Suppose 40 + 715 = 5*f. Let s = f + -72. What is the units digit of s?
9
Let y(c) be the second derivative of -c**4/12 + 7*c**3/6 + c**2/2 - 3*c. Suppose -m = -5*i + 47 - 19, 3*i = 4*m + 10. What is the units digit of y(i)?
7
Suppose 4*g - 15 + 61 = -2*s, 5*s = -2*g - 43. Let m = 38 - g. What is the tens digit of m?
4
Suppose 5*b + 93 = -2*o, -34 + 119 = -2*o + 3*b. What is the tens digit of o/4*-5 + -4?
5
Let r = -14 + 17. Let l be (r - (-4 + 4))/1. Suppose l*g - 3 - 138 = 0. What is the units digit of g?
7
Let c(g) be the second derivative of -2*g**3/3 + 21*g**2/2 + 5*g. Let l(m) = -2*m + 11. Let s(w) = 3*c(w) - 5*l(w). What is the tens digit of s(-6)?
2
Let w(d) = 6*d**3 + 4*d**2 - 1. Let f(r) = 5*r**3 + 4*r**2 + r. Let o(k) = -7*f(k) + 6*w(k). What is the units digit of o(6)?
4
Suppose 0 = -3*h - 169 + 433. Suppose -4*w + h = -5*a - 3, -4*w + 92 = -4*a. What is the units digit of w?
4
Suppose 28*b - 44625 + 14469 = 0. What is the thousands digit of b?
1
Let s = -46 - -130. What is the tens digit of s?
8
Suppose 29 = -5*w - 41. Let c = -23 - w. What is the units digit of 6/1 - (6 + c)?
9
Let b = -1023 - -1306. What is the units digit of b?
3
Let z(r) = r**2 + 6*r + 9. Let b = -16 + 19. Let k(a) = a**2 + 5*a + 8. Let p(w) = b*k(w) - 2*z(w). What is the units digit of p(-5)?
6
Suppose 8536 = 4*p + m - 1749, 0 = 5*p + 5*m - 12875. What is the hundreds digit of p?
5
Let a(w) = -8*w**2 + w - 17. Let r(j) = -7*j**2 - 16. Let z(g) = 6*a(g) - 7*r(g). Suppose 4*c + 1 = 2*m + 13, -5*c + 10 = -2*m. What is the tens digit of z(m)?
5
Let p be 62 - (-1)/(25/(-20) - -1). Let x = 128 - p. What is the units digit of x?
0
Let v = 34 - 42. What is the hundreds digit of (-1708)/(-16) + 0 + (-2)/v?
1
Let s(u) = u - 2. Let v be (1 - -1)*2/1. Let p be s(v). Suppose 5*k + 100 = 5*d, 5*k - 53 = -p*d - 2*d. What is the tens digit of d?
1
What is the units digit of ((-8)/40 + (-1582)/15)*-15?
5
Let v(y) = 52*y**2 - 7*y - 33. What is the tens digit of v(-3)?
5
Suppose 2*h = -b + 553, 0*h = -h. What is the hundreds digit of b?
5
Let m be (-2)/(10/(-75)*3). Suppose -2*t + k + 261 = 6*k, m*t - k = 612. What is the tens digit of t?
2
Let i be 2/6 - (-15)/9. Suppose 14 = 3*s + i. Suppose 4*t + s*m - 12 = -0*t, 2*t - 4*m = 36. What is the units digit of t?
8
Let o(y) = -y + 1. Let h(n) = 8*n. Let w(l) = -2*h(l) - 6*o(l). Let b(i) = -i**2 - 1. Let g(j) = b(j) - w(j). What is the tens digit of g(9)?
1
Let q(c) be the third derivative of 0*c - 1/6*c**3 + c**2 - 11/24*c**4 + 0. What is the tens digit of q(-1)?
1
Suppose w + 736 = -t + 4*t, -4*t + 978 = 2*w. What is the units digit of t?
5
Let w(x) be the third derivative of x**5/15 - x**4/8 + x**3/2 - 18*x**2. What is the hundreds digit of w(-6)?
1
Suppose 184 = 2*p - 0*p. Suppose 2*x - p = 4*y, 0 = -3*x - 0*x + 2*y + 122. What is the tens digit of x?
3
Suppose -2748 - 1236 = -3*b. What is the thousands digit of b?
1
Let j be 11 - 12 - -5*5. What is the tens digit of 1443/j - (-1)/(-8)?
6
Let n(x) = 8*x - 18. Let i be n(13). Let l = i - 65. What is the units digit of l?
1
Suppose 4*q - 3099 = 3*s, 3*s - 250 - 536 = -q. What is the units digit of q?
7
What is the units digit of (-1)/(-7) - (-134472)/182?
9
Let x = -290 - -574. What is the units digit of x - 